What is b(f)?
-8
Let b(c) = 2*c**2 + 4*c + 3. Let p be 14/(-10) + (-12)/20. Calculate b(p).
3
Let n(u) be the second derivative of u**8/6720 + u**7/504 - u**6/120 + u**5/40 + u**4/6 - u. Let j(t) be the third derivative of n(t). Determine j(-6).
3
Let w(y) = 9*y - 4*y - 2*y - y. What is w(2)?
4
Let c(n) = 3 + n**3 + 2 + 7*n**2 - 6 + 3 - 7*n. Calculate c(-8).
-6
Suppose j = -3*j - 8. Let s be (-5)/(3*j/(-6)). Let a(m) = -m - 12. Give a(s).
-7
Let f(p) = -p**3 + p**2 - 1. Let y(x) = x**2 - 2*x. Let t be y(2). Determine f(t).
-1
Let f = 79/3 - 26. Let o(r) be the first derivative of 5/2*r**2 - 2*r - f*r**3 - 1. Give o(5).
-2
Suppose 0*o + 8 = -2*o. Let d(m) = -6*m**2 + 2*m + 3. Let h(s) = -5*s**2 + s + 3. Let k(u) = o*d(u) + 5*h(u). What is k(-3)?
3
Let f(g) = g - 6. Let l = 7 + -7. Give f(l).
-6
Let n(g) be the third derivative of 0 + 0*g**5 - g**2 + 5/3*g**3 + 0*g + 1/120*g**6 + 0*g**4. Let b = -385 + 385. Give n(b).
10
Let d(y) = y**3 - 4*y + 3. Let c(j) = j**3 - 6*j**2 - 5*j - 9. Let f be c(7). Suppose -p = -2*z - 1, -33 = -z - 3*z - f*p. Determine d(z).
3
Let y be 370/130 - 4/(-26). Let n(q) = -2*q + q + y*q + 0*q. Give n(-3).
-6
Let z be 3 + 4/(-2) + 4. Let d = z + 0. Let q(u) = -u**2 + 6*u + 3 - 4 - 4. What is q(d)?
0
Let w be 1/4 - (-45)/12. Let g be w/18 + 80/45. Let k(u) be the second derivative of u**3/2 - 3*u**2/2 + u. Calculate k(g).
3
Let b(x) = x**3 - 2*x**2 - 2*x - 2. Suppose -s + 0*n = n - 6, 0 = -s + 3*n - 6. Calculate b(s).
1
Let o be (-5)/(60/9)*-4. Let g(u) = u**2 - u. Let n(l) = l + 4. Let z be n(0). Let f(x) = 3*x**2 - 3*x - 1. Let m(a) = z*g(a) - f(a). What is m(o)?
7
Suppose 9 = -2*u - v, 0 = 4*u + v + 11 + 6. Let z(o) = -o**2 - 2*o - 6. Give z(u).
-14
Let w(u) be the first derivative of u**3/3 - 3*u**2/2 + 2*u + 3. Suppose 2*o = -0 - 2. Let c = o + 3. Determine w(c).
0
Let m(j) = -2*j**2 + 5*j**2 - 1 - 4*j**2 - 3*j. Calculate m(-2).
1
Let c be ((-2)/3)/(12/54). Let r(n) = n**3 + 2*n**2 - n - 4. Calculate r(c).
-10
Let l(c) be the second derivative of 3*c - 1/2*c**2 + 0 - 1/3*c**3. Calculate l(-3).
5
Let g be (-6)/2 + 2 + -1. Let j be -2 - -2 - g - -1. Let p(u) = -u**3 + 3 - 278*u**2 - 1 + 3*u + 281*u**2. Calculate p(j).
11
Let g be -3*(-2)/3 + -10. Let u = 12 + g. Let f be (-18)/u - (-2)/4. Let b(s) = -3*s - 3. Determine b(f).
9
Let z(n) = 4 + 8*n - 9 - 11*n - n**3 - 5*n**2. Give z(-5).
10
Let d be (-1)/(-1)*-4 - -14. Let r(i) = i**3 - 10*i**2 + 2*i - 12. Determine r(d).
8
Suppose -p + 22 = p. Suppose 0 = x - 5*w + 4, 2*x + p = -2*w + 3. Let f(z) = 3*z - 4*z + 1 - 3 + 4. What is f(x)?
6
Let f(p) = 20*p + 0 - 7*p - p**2 - 8*p - 2. Give f(4).
2
Let v(t) = t + 6. Let g be (-12)/9 + 6/(-9). Let q be (1 - -1)*(-5)/g. Suppose -3*b + 4 = -2*b, -4*p - 40 = -q*b. Give v(p).
1
Suppose 0 = -h - 1 + 4. Let v = h - 0. Let w(t) = -2*t + v - 2 + t. Determine w(-1).
2
Let x = 2 + -2. Let p(d) = d**2 - 5*d + 8. Let k(i) = -i**2 + 6*i - 8. Let t(c) = -5*k(c) - 6*p(c). Calculate t(x).
-8
Let c be (2 - (-15)/(-5))*3. Let x(w) = -3*w + 6. Let h = -6 + 4. Let d(p) = 4*p - 6. Let r(t) = c*x(t) + h*d(t). Calculate r(0).
-6
Let p(g) = 2*g - 14. Let f(n) = n - 13. Let t(q) = -3*f(q) + 2*p(q). Let k be (0 + 0)*-3*(-5)/(-30). What is t(k)?
11
Suppose 4 = -c - 1. Let b(n) be the second derivative of -n**5/20 - 5*n**4/12 - n**3/3 - 3*n**2/2 + 69*n. Give b(c).
7
Let b(p) = -p**3 + p**2 + p + 1. Suppose -3*j + 3*g = 12, -j + 3*g - 12 = -2*j. Let d = j - -5. Suppose 0 = -5*w + 25, -3*n + d*w = -9 + 34. Determine b(n).
1
Suppose 5*m = -5 + 25. Let c(f) = 2*f + m*f**2 - 2*f**2 - f**2 + 3*f. Calculate c(-6).
6
Let d(h) = h**2 + h + 1. Let i be d(-2). Suppose -i*z + 12 = -3*f, 4*z + 4*f - 2 = 6. Suppose -5*b + 4 = 24, 4*p - z*b = 12. Let s(r) = r - 6. Calculate s(p).
-6
Let j(o) = o - 3. Let p be j(5). Suppose p*x = -3*x - 20. Let k = x + 2. Let y(v) = -v. Calculate y(k).
2
Let f(a) be the second derivative of a**5/20 - 5*a**4/12 - 7*a**3/6 - 2*a**2 - 123*a. Let j = 8 + -2. Calculate f(j).
-10
Let i(m) = -m - 2. Let t(z) = z. Let k(c) = -i(c) - 2*t(c). What is k(4)?
-2
Let r(l) = 13*l. Let y = -17 + 18. What is r(y)?
13
Let z(d) = 4*d - 2*d - 9 + 2. Suppose x - 7 = -2*i + 2*x, 4*i + 4*x - 32 = 0. What is z(i)?
3
Let m be 1 + 4 + (-3 - 0). Let b(a) = 3 - m*a - 8 + 6*a. Determine b(4).
11
Let v(q) = -q**2. Suppose -3*h = 5*c - 7, -2*h - 3 = 5*c - 6. Give v(c).
-1
Suppose 5*y - a - 14 = 2*y, 0 = 4*y + 3*a + 3. Let b = 0 - y. Let l(q) = q**3 + 2*q**2 - q - 1. Calculate l(b).
-7
Let l(p) = -1 + 6*p**3 + 4*p - 4*p**2 - 2*p - p - 2*p. Let f(z) = -z**3 + z**2. Let u(j) = -5*f(j) - l(j). What is u(0)?
1
Let r = 10 - 4. Let t(p) be the first derivative of -p**3/3 + 5*p**2/2 + 2*p + 11. Determine t(r).
-4
Let p(d) = -d**2 - 7*d + 6. Let y be p(-7). Let l(g) = 6*g + 7*g**2 + g**2 + 2 - 3*g**2 - g**3. Let n be l(y). Let w(u) = u**3 - 2*u**2 + 4*u - 3. Give w(n).
5
Let p(n) = -2*n - 5. Let u(g) = 2*g**2 + 3*g. Suppose 3*j - 5*q + 0*q = -19, j - 5*q = -13. Let o be u(j). Let h = 5 - o. Give p(h).
3
Let v(r) = 5*r**2 + r + 2. Let h = -7 - -11. Let y(s) = -6*s**2 - 2*s - 3. Let m(l) = h*y(l) + 5*v(l). Calculate m(4).
2
Let g(j) = -4*j - 9. Let a(i) = 3*i + 10. Let c(w) = 3*a(w) + 2*g(w). Let l be c(0). Let q be 1/4 + 57/l. Let n(u) = -u**3 + 4*u**2 + 5*u - 4. Calculate n(q).
-4
Let c(h) = 2*h + 5. Suppose y - 6 = -2*i, 4 = i + 3*i. Determine c(y).
13
Let f(r) = -35 + 4*r - 2*r + 31. Let d = 3 - -2. Determine f(d).
6
Let k = 4 - -2. Let w(s) = -5*s - 3. Let r(a) = 3*a + 4. Let y(z) = -3*r(z) - 2*w(z). Determine y(k).
0
Suppose -z = -0 - 2. Suppose -z*c + c = -1. Let s(d) = c - d + 0 + 2. What is s(2)?
1
Suppose -7*w + 41 = -4*a - 2*w, w - 17 = 3*a. Let h(d) = -196 + 66 + 70 + 61 - d. Determine h(a).
5
Let w(u) = -u + 4. Let f(d) = d - 4. Let v(z) = -5*f(z) - 6*w(z). What is v(6)?
2
Let h(g) be the second derivative of -11*g**4/24 - g**3/6 + 5*g**2/2 + 4*g. Let d(n) be the first derivative of h(n). Determine d(1).
-12
Let z(g) = g**2 - g. Let a be z(3). Let s(t) = 4*t - 2*t + 3 + 4 - a. Calculate s(1).
3
Let j(m) = 8*m**2 + 2*m + 1. Suppose s = -5 + 4. Determine j(s).
7
Let w(y) be the first derivative of -3*y - 2*y**3 + 5 - 1/4*y**4 - 5/2*y**2. Calculate w(-5).
-3
Let o(j) = 2*j + 31. Let v be o(-15). Let p(m) = -7*m + 1. Determine p(v).
-6
Let d(c) = -c**2 + 5*c + 6. Let u be d(6). Let l be u*1/2 - 5. Let a(b) = b**2 + 6*b + 3. What is a(l)?
-2
Let k(s) = s**2 - 6*s + 4. Let f(y) be the first derivative of y**2/2 - 4*y + 2. Let u be f(8). Calculate k(u).
-4
Let i(z) be the first derivative of z**3/3 - 3*z**2/2 + z + 36. Let w be (-1 - 0)/(1/(-6)). Let r = 8 - w. What is i(r)?
-1
Let v(z) = -11*z**2 + 1. Suppose -12 + 3 = 3*b. Suppose 2*y = -10, -4*k - y = -3*y - 26. Let c = k + b. Determine v(c).
-10
Let i = -26 + 27. Let v(y) = 2*y**2 + y. Determine v(i).
3
Suppose 0 = -37*x + 35*x + 6. Let f(r) = r**2 + 3*r - 1. Let h be f(-4). Let d(c) = -6*c**2 - h + x*c**3 - c**3 + 7*c - c**3. What is d(5)?
7
Let w(c) be the first derivative of c**3/6 - 9*c - 7. Let z(p) be the first derivative of w(p). Calculate z(-1).
-1
Let t(q) = -q + 8. Let n be t(3). Let c(k) = k**3 - 4*k**2 - 6*k - 1. Calculate c(n).
-6
Let i(g) be the third derivative of -g**4/24 + 4*g**3/3 - 3*g**2. Suppose -6*z + 25 = -z. Determine i(z).
3
Let v be 2/4*(7 - 3). Let x(l) be the first derivative of -2 - l - 1/2*l**v. Calculate x(-4).
3
Let d(q) = -q**2. Let v(i) = -i**3 + i**2 + i + 5. Let w(p) = 4*d(p) - v(p). Determine w(5).
-10
Suppose 7 = 5*u - 8. Let h(l) = -14*l**2 - 5 + 0*l**3 + l**u - 2*l**3. Let r be h(-14). Let z(d) = -d - 9. Determine z(r).
-4
Let i(g) = 14*g**3 + g - 1. Suppose 2*r + 0 - 2 = 0. Give i(r).
14
Let x(o) be the second derivative of -1/12*o**4 - 3*o**2 + 7/6*o**3 + 4*o + 0. What is x(5)?
4
Let o(x) = -x**3 - 5*x**2 + 5*x. Let u be o(-6). Suppose 3*s = u + 3. Let r(n) = 0*n**s + 0*n**3 - n**3. Give r(1).
-1
Let k be 2/(-4)*4/6*-6. Let g(w) be the first derivative of -w**4/4 + 2*w**3/3 - w**2 - w + 2. Determine g(k).
-5
Let r(h) = -h**3 + h**2 + h - 1. Let k(l) = 4*l**3 + 4*l**2 - 12*l - 3. Let o = -22 - -17. Let t(z) = o*r(z) - k(z). Calculate t(8).
0
Suppose p + 8 = -u, 4*u + 37 = 5*p - 13. Let t = u + 11. Let b(w) = 9*w + 1. Calculate b(t).
10
Let i(f) = 3*f + 2. Let h(l) = -l - 1.